{"id":104,"date":"2021-02-03T09:41:05","date_gmt":"2021-02-03T08:41:05","guid":{"rendered":"http:\/\/localhost\/gwerdertech\/?page_id=104"},"modified":"2022-01-23T15:49:47","modified_gmt":"2022-01-23T15:49:47","slug":"keramik","status":"publish","type":"page","link":"https:\/\/www.ofentech.ch\/index.php\/keramik\/","title":{"rendered":"Keramik, Platten, B\u00f6den"},"content":{"rendered":"\n<div class=\"wp-block-media-text alignwide is-stacked-on-mobile\" style=\"grid-template-columns:39% auto\"><figure class=\"wp-block-media-text__media\"><img loading=\"lazy\" decoding=\"async\" width=\"1024\" height=\"765\" src=\"https:\/\/www.ofentech.ch\/wp-content\/uploads\/2021\/07\/Platten-01041612-1-1024x765.jpg\" alt=\"\" class=\"wp-image-2427 size-full\" srcset=\"https:\/\/www.ofentech.ch\/wp-content\/uploads\/2021\/07\/Platten-01041612-1-1024x765.jpg 1024w, https:\/\/www.ofentech.ch\/wp-content\/uploads\/2021\/07\/Platten-01041612-1-300x224.jpg 300w, https:\/\/www.ofentech.ch\/wp-content\/uploads\/2021\/07\/Platten-01041612-1-768x574.jpg 768w, https:\/\/www.ofentech.ch\/wp-content\/uploads\/2021\/07\/Platten-01041612-1.jpg 1028w\" sizes=\"auto, (max-width: 1024px) 100vw, 1024px\" \/><\/figure><div class=\"wp-block-media-text__content\">\n<p class=\"has-large-font-size wp-block-paragraph\">Ob draussen oder drinnen &#8211; lassen Sie sich von den unz\u00e4hligen M\u00f6glichkeiten inspirieren und kompetent von uns beraten! <\/p>\n\n\n<div style=\"gap: 20px\" class=\"align-button-center ub-buttons orientation-button-row ub-flex-wrap wp-block-ub-button\" id=\"ub-button-f62ef6c9-c4e5-477c-8bc5-cb5071e1a3e3\"><div class=\"ub-button-container\">\n\t\t\t<a href=\"https:\/\/www.ofentech.ch\/index.php\/plaettlihandel\/\" target=\"_blank\" rel=\"noopener noreferrer nofollow\" class=\"ub-button-block-main  \" role=\"button\" style=\"--ub-button-background-color: #313131; --ub-button-color: #ffffff; --ub-button-border: none; --ub-button-hover-background-color: #6d6d6d; --ub-button-hover-color: #ffffff; --ub-button-hover-border: none; padding-top: 10px; padding-right: 10px; padding-bottom: 10px; padding-left: 10px; \">\n\t\t\t\t<div class=\"ub-button-content-holder\" style=\"flex-direction: row\">\n\t\t\t\t\t<span class=\"ub-button-block-btn\">Pl\u00e4ttlihandel<\/span>\n\t\t\t\t<\/div>\n\t\t\t<\/a>\n\t\t<\/div><\/div><\/div><\/div>\n\n\n\n<div class=\"wp-block-media-text alignwide has-media-on-the-right is-stacked-on-mobile\" style=\"grid-template-columns:auto 36%\"><figure class=\"wp-block-media-text__media\"><img loading=\"lazy\" decoding=\"async\" width=\"1024\" height=\"768\" src=\"https:\/\/www.ofentech.ch\/wp-content\/uploads\/2021\/02\/0099702-Plattenbelag.jpg\" alt=\"\" class=\"wp-image-261 size-full\" srcset=\"https:\/\/www.ofentech.ch\/wp-content\/uploads\/2021\/02\/0099702-Plattenbelag.jpg 1024w, https:\/\/www.ofentech.ch\/wp-content\/uploads\/2021\/02\/0099702-Plattenbelag-300x225.jpg 300w, https:\/\/www.ofentech.ch\/wp-content\/uploads\/2021\/02\/0099702-Plattenbelag-768x576.jpg 768w\" sizes=\"auto, (max-width: 1024px) 100vw, 1024px\" \/><\/figure><div class=\"wp-block-media-text__content\">\n<p class=\"has-large-font-size wp-block-paragraph\">Erf\u00fcllen Sie sich mit uns Ihren Traum der perfekten Badezimmer Oase! <\/p>\n\n\n<div style=\"gap: 20px\" class=\"align-button-center ub-buttons orientation-button-row ub-flex-wrap wp-block-ub-button\" id=\"ub-button-a2bbc8ef-8ebd-42ed-9fef-b471730a77ec\"><div class=\"ub-button-container\">\n\t\t\t<a href=\"https:\/\/www.ofentech.ch\/index.php\/badezimmer\/\" target=\"_blank\" rel=\"noopener noreferrer nofollow\" class=\"ub-button-block-main  \" role=\"button\" style=\"--ub-button-background-color: #313131; --ub-button-color: #ffffff; --ub-button-border: none; --ub-button-hover-background-color: #6d6d6d; --ub-button-hover-color: #ffffff; --ub-button-hover-border: none; padding-top: 10px; padding-right: 10px; padding-bottom: 10px; padding-left: 10px; \">\n\t\t\t\t<div class=\"ub-button-content-holder\" style=\"flex-direction: row\">\n\t\t\t\t\t<span class=\"ub-button-block-btn\">Badezimmer<\/span>\n\t\t\t\t<\/div>\n\t\t\t<\/a>\n\t\t<\/div><\/div><\/div><\/div>\n\n\n\n<div class=\"wp-block-media-text alignwide is-stacked-on-mobile\" style=\"grid-template-columns:39% auto\"><figure class=\"wp-block-media-text__media\"><img loading=\"lazy\" decoding=\"async\" width=\"1024\" height=\"683\" src=\"https:\/\/www.ofentech.ch\/wp-content\/uploads\/2021\/02\/Fassaden-711012-1024x683.jpg\" alt=\"\" class=\"wp-image-428 size-full\" srcset=\"https:\/\/www.ofentech.ch\/wp-content\/uploads\/2021\/02\/Fassaden-711012-1024x683.jpg 1024w, https:\/\/www.ofentech.ch\/wp-content\/uploads\/2021\/02\/Fassaden-711012-300x200.jpg 300w, https:\/\/www.ofentech.ch\/wp-content\/uploads\/2021\/02\/Fassaden-711012-768x512.jpg 768w, https:\/\/www.ofentech.ch\/wp-content\/uploads\/2021\/02\/Fassaden-711012.jpg 1152w\" sizes=\"auto, (max-width: 1024px) 100vw, 1024px\" \/><\/figure><div class=\"wp-block-media-text__content\">\n<p class=\"has-large-font-size wp-block-paragraph\">Sie wollen Ihrem Zuhause oder nur einem Teil davon einen neuen Look verpassen? Bei uns sind Sie genau richtig!<\/p>\n\n\n<div style=\"gap: 20px\" class=\"align-button-center ub-buttons orientation-button-row ub-flex-wrap wp-block-ub-button\" id=\"ub-button-c8300370-2811-471f-9fe8-d6d82fd20f9e\"><div class=\"ub-button-container\">\n\t\t\t<a href=\"https:\/\/www.ofentech.ch\/index.php\/fassaden\/\" target=\"_blank\" rel=\"noopener noreferrer nofollow\" class=\"ub-button-block-main  \" role=\"button\" style=\"--ub-button-background-color: #313131; --ub-button-color: #ffffff; --ub-button-border: none; --ub-button-hover-background-color: #6d6d6d; --ub-button-hover-color: #ffffff; --ub-button-hover-border: none; padding-top: 10px; padding-right: 10px; padding-bottom: 10px; padding-left: 10px; \">\n\t\t\t\t<div class=\"ub-button-content-holder\" style=\"flex-direction: row\">\n\t\t\t\t\t<span class=\"ub-button-block-btn\">Fassaden<\/span>\n\t\t\t\t<\/div>\n\t\t\t<\/a>\n\t\t<\/div><\/div><\/div><\/div>\n\n\n\n<div class=\"wp-block-media-text alignwide has-media-on-the-right is-stacked-on-mobile\" style=\"grid-template-columns:auto 35%\"><figure class=\"wp-block-media-text__media\"><img loading=\"lazy\" decoding=\"async\" width=\"1024\" height=\"768\" src=\"https:\/\/www.ofentech.ch\/wp-content\/uploads\/2021\/02\/Schwimmbad-Wellness-711005.jpg\" alt=\"\" class=\"wp-image-378 size-full\" srcset=\"https:\/\/www.ofentech.ch\/wp-content\/uploads\/2021\/02\/Schwimmbad-Wellness-711005.jpg 1024w, https:\/\/www.ofentech.ch\/wp-content\/uploads\/2021\/02\/Schwimmbad-Wellness-711005-300x225.jpg 300w, https:\/\/www.ofentech.ch\/wp-content\/uploads\/2021\/02\/Schwimmbad-Wellness-711005-768x576.jpg 768w\" sizes=\"auto, (max-width: 1024px) 100vw, 1024px\" \/><\/figure><div class=\"wp-block-media-text__content\">\n<p class=\"has-large-font-size wp-block-paragraph\">Einen Sprung ins k\u00fchle Nass gef\u00e4llig? Wir beraten Sie kompetent wenn es um Keramik in Schwimmb\u00e4dern geht!<\/p>\n\n\n<div style=\"gap: 20px\" class=\"align-button-center ub-buttons orientation-button-row ub-flex-wrap wp-block-ub-button\" id=\"ub-button-2b36f871-4d96-44ea-9baf-aef171c82132\"><div class=\"ub-button-container\">\n\t\t\t<a href=\"https:\/\/www.ofentech.ch\/index.php\/schwimmbad-und-wellness\/\" target=\"_blank\" rel=\"noopener noreferrer nofollow\" class=\"ub-button-block-main  \" role=\"button\" style=\"--ub-button-background-color: #313131; --ub-button-color: #ffffff; --ub-button-border: none; --ub-button-hover-background-color: #6d6d6d; --ub-button-hover-color: #ffffff; --ub-button-hover-border: none; padding-top: 10px; padding-right: 10px; padding-bottom: 10px; padding-left: 10px; \">\n\t\t\t\t<div class=\"ub-button-content-holder\" style=\"flex-direction: row\">\n\t\t\t\t\t<span class=\"ub-button-block-btn\">Schwimmbad und Wellness<\/span>\n\t\t\t\t<\/div>\n\t\t\t<\/a>\n\t\t<\/div><\/div><\/div><\/div>\n\n\n\n<div class=\"wp-block-media-text alignwide is-stacked-on-mobile\" style=\"grid-template-columns:35% auto\"><figure class=\"wp-block-media-text__media\"><img loading=\"lazy\" decoding=\"async\" width=\"1024\" height=\"765\" src=\"https:\/\/www.ofentech.ch\/wp-content\/uploads\/2021\/07\/Aussenbelaege-0714001-1024x765.jpg\" alt=\"\" class=\"wp-image-1936 size-full\" srcset=\"https:\/\/www.ofentech.ch\/wp-content\/uploads\/2021\/07\/Aussenbelaege-0714001-1024x765.jpg 1024w, https:\/\/www.ofentech.ch\/wp-content\/uploads\/2021\/07\/Aussenbelaege-0714001-300x224.jpg 300w, https:\/\/www.ofentech.ch\/wp-content\/uploads\/2021\/07\/Aussenbelaege-0714001-768x574.jpg 768w, https:\/\/www.ofentech.ch\/wp-content\/uploads\/2021\/07\/Aussenbelaege-0714001.jpg 1028w\" sizes=\"auto, (max-width: 1024px) 100vw, 1024px\" \/><\/figure><div class=\"wp-block-media-text__content\">\n<p class=\"has-large-font-size wp-block-paragraph\">Ob auf Ihrer Terasse oder im Gartensitzplatz &#8211; Keramik erh\u00f6ht auch in Aussenbereichen Ihr Wohnerlebnis. Lassen Sie sich inspirieren!<\/p>\n\n\n<div style=\"gap: 20px\" class=\"align-button-center ub-buttons orientation-button-row ub-flex-wrap wp-block-ub-button\" id=\"ub-button-5895800a-356d-45e3-9fe5-02484554df81\"><div class=\"ub-button-container\">\n\t\t\t<a href=\"https:\/\/www.ofentech.ch\/index.php\/outdoor-2\/\" target=\"_blank\" rel=\"noopener noreferrer nofollow\" class=\"ub-button-block-main  \" role=\"button\" style=\"--ub-button-background-color: #313131; --ub-button-color: #ffffff; --ub-button-border: none; --ub-button-hover-background-color: #6d6d6d; --ub-button-hover-color: #ffffff; --ub-button-hover-border: none; padding-top: 10px; padding-right: 10px; padding-bottom: 10px; padding-left: 10px; \">\n\t\t\t\t<div class=\"ub-button-content-holder\" style=\"flex-direction: row\">\n\t\t\t\t\t<span class=\"ub-button-block-btn\">Outdoor Pl\u00e4ttli<\/span>\n\t\t\t\t<\/div>\n\t\t\t<\/a>\n\t\t<\/div><\/div><\/div><\/div>\n\n\n\n<p class=\"wp-block-paragraph\"><\/p>\n","protected":false},"excerpt":{"rendered":"","protected":false},"author":1,"featured_media":0,"parent":0,"menu_order":0,"comment_status":"closed","ping_status":"closed","template":"","meta":{"footnotes":""},"class_list":["post-104","page","type-page","status-publish","hentry"],"featured_image_src":null,"_links":{"self":[{"href":"https:\/\/www.ofentech.ch\/index.php\/wp-json\/wp\/v2\/pages\/104","targetHints":{"allow":["GET"]}}],"collection":[{"href":"https:\/\/www.ofentech.ch\/index.php\/wp-json\/wp\/v2\/pages"}],"about":[{"href":"https:\/\/www.ofentech.ch\/index.php\/wp-json\/wp\/v2\/types\/page"}],"author":[{"embeddable":true,"href":"https:\/\/www.ofentech.ch\/index.php\/wp-json\/wp\/v2\/users\/1"}],"replies":[{"embeddable":true,"href":"https:\/\/www.ofentech.ch\/index.php\/wp-json\/wp\/v2\/comments?post=104"}],"version-history":[{"count":11,"href":"https:\/\/www.ofentech.ch\/index.php\/wp-json\/wp\/v2\/pages\/104\/revisions"}],"predecessor-version":[{"id":2848,"href":"https:\/\/www.ofentech.ch\/index.php\/wp-json\/wp\/v2\/pages\/104\/revisions\/2848"}],"wp:attachment":[{"href":"https:\/\/www.ofentech.ch\/index.php\/wp-json\/wp\/v2\/media?parent=104"}],"curies":[{"name":"wp","href":"https:\/\/api.w.org\/{rel}","templated":true}]}}

Keramik, Platten, Böden

<div class="wp-block-media-text alignwide is-stacked-on-mobile" style="grid-template-columns:39% auto"><figure class="wp-block-media-text__media"><img loading="lazy" decoding="async" width="1024" height="765" src="https://www.ofentech.ch/wp-content/uploads/2021/07/Platten-01041612-1-1024x765.jpg" alt="" class="wp-image-2427 size-full" srcset="https://www.ofentech.ch/wp-content/uploads/2021/07/Platten-01041612-1-1024x765.jpg 1024w, https://www.ofentech.ch/wp-content/uploads/2021/07/Platten-01041612-1-300x224.jpg 300w, https://www.ofentech.ch/wp-content/uploads/2021/07/Platten-01041612-1-768x574.jpg 768w, https://www.ofentech.ch/wp-content/uploads/2021/07/Platten-01041612-1.jpg 1028w" sizes="auto, (max-width: 1024px) 100vw, 1024px" /></figure><div class="wp-block-media-text__content">
<p class="has-large-font-size wp-block-paragraph">Ob draussen oder drinnen &#8211; lassen Sie sich von den unzähligen Möglichkeiten inspirieren und kompetent von uns beraten! </p>


<div style="gap: 20px" class="align-button-center ub-buttons orientation-button-row ub-flex-wrap wp-block-ub-button" id="ub-button-f62ef6c9-c4e5-477c-8bc5-cb5071e1a3e3"><div class="ub-button-container">
			<a href="https://www.ofentech.ch/index.php/plaettlihandel/" target="_blank" rel="noopener noreferrer nofollow" class="ub-button-block-main  " role="button" style="--ub-button-background-color: #313131; --ub-button-color: #ffffff; --ub-button-border: none; --ub-button-hover-background-color: #6d6d6d; --ub-button-hover-color: #ffffff; --ub-button-hover-border: none; padding-top: 10px; padding-right: 10px; padding-bottom: 10px; padding-left: 10px; ">
				<div class="ub-button-content-holder" style="flex-direction: row">
					<span class="ub-button-block-btn">Plättlihandel</span>
				</div>
			</a>
		</div></div></div></div>



<div class="wp-block-media-text alignwide has-media-on-the-right is-stacked-on-mobile" style="grid-template-columns:auto 36%"><figure class="wp-block-media-text__media"><img loading="lazy" decoding="async" width="1024" height="768" src="https://www.ofentech.ch/wp-content/uploads/2021/02/0099702-Plattenbelag.jpg" alt="" class="wp-image-261 size-full" srcset="https://www.ofentech.ch/wp-content/uploads/2021/02/0099702-Plattenbelag.jpg 1024w, https://www.ofentech.ch/wp-content/uploads/2021/02/0099702-Plattenbelag-300x225.jpg 300w, https://www.ofentech.ch/wp-content/uploads/2021/02/0099702-Plattenbelag-768x576.jpg 768w" sizes="auto, (max-width: 1024px) 100vw, 1024px" /></figure><div class="wp-block-media-text__content">
<p class="has-large-font-size wp-block-paragraph">Erfüllen Sie sich mit uns Ihren Traum der perfekten Badezimmer Oase! </p>


<div style="gap: 20px" class="align-button-center ub-buttons orientation-button-row ub-flex-wrap wp-block-ub-button" id="ub-button-a2bbc8ef-8ebd-42ed-9fef-b471730a77ec"><div class="ub-button-container">
			<a href="https://www.ofentech.ch/index.php/badezimmer/" target="_blank" rel="noopener noreferrer nofollow" class="ub-button-block-main  " role="button" style="--ub-button-background-color: #313131; --ub-button-color: #ffffff; --ub-button-border: none; --ub-button-hover-background-color: #6d6d6d; --ub-button-hover-color: #ffffff; --ub-button-hover-border: none; padding-top: 10px; padding-right: 10px; padding-bottom: 10px; padding-left: 10px; ">
				<div class="ub-button-content-holder" style="flex-direction: row">
					<span class="ub-button-block-btn">Badezimmer</span>
				</div>
			</a>
		</div></div></div></div>



<div class="wp-block-media-text alignwide is-stacked-on-mobile" style="grid-template-columns:39% auto"><figure class="wp-block-media-text__media"><img loading="lazy" decoding="async" width="1024" height="683" src="https://www.ofentech.ch/wp-content/uploads/2021/02/Fassaden-711012-1024x683.jpg" alt="" class="wp-image-428 size-full" srcset="https://www.ofentech.ch/wp-content/uploads/2021/02/Fassaden-711012-1024x683.jpg 1024w, https://www.ofentech.ch/wp-content/uploads/2021/02/Fassaden-711012-300x200.jpg 300w, https://www.ofentech.ch/wp-content/uploads/2021/02/Fassaden-711012-768x512.jpg 768w, https://www.ofentech.ch/wp-content/uploads/2021/02/Fassaden-711012.jpg 1152w" sizes="auto, (max-width: 1024px) 100vw, 1024px" /></figure><div class="wp-block-media-text__content">
<p class="has-large-font-size wp-block-paragraph">Sie wollen Ihrem Zuhause oder nur einem Teil davon einen neuen Look verpassen? Bei uns sind Sie genau richtig!</p>


<div style="gap: 20px" class="align-button-center ub-buttons orientation-button-row ub-flex-wrap wp-block-ub-button" id="ub-button-c8300370-2811-471f-9fe8-d6d82fd20f9e"><div class="ub-button-container">
			<a href="https://www.ofentech.ch/index.php/fassaden/" target="_blank" rel="noopener noreferrer nofollow" class="ub-button-block-main  " role="button" style="--ub-button-background-color: #313131; --ub-button-color: #ffffff; --ub-button-border: none; --ub-button-hover-background-color: #6d6d6d; --ub-button-hover-color: #ffffff; --ub-button-hover-border: none; padding-top: 10px; padding-right: 10px; padding-bottom: 10px; padding-left: 10px; ">
				<div class="ub-button-content-holder" style="flex-direction: row">
					<span class="ub-button-block-btn">Fassaden</span>
				</div>
			</a>
		</div></div></div></div>



<div class="wp-block-media-text alignwide has-media-on-the-right is-stacked-on-mobile" style="grid-template-columns:auto 35%"><figure class="wp-block-media-text__media"><img loading="lazy" decoding="async" width="1024" height="768" src="https://www.ofentech.ch/wp-content/uploads/2021/02/Schwimmbad-Wellness-711005.jpg" alt="" class="wp-image-378 size-full" srcset="https://www.ofentech.ch/wp-content/uploads/2021/02/Schwimmbad-Wellness-711005.jpg 1024w, https://www.ofentech.ch/wp-content/uploads/2021/02/Schwimmbad-Wellness-711005-300x225.jpg 300w, https://www.ofentech.ch/wp-content/uploads/2021/02/Schwimmbad-Wellness-711005-768x576.jpg 768w" sizes="auto, (max-width: 1024px) 100vw, 1024px" /></figure><div class="wp-block-media-text__content">
<p class="has-large-font-size wp-block-paragraph">Einen Sprung ins kühle Nass gefällig? Wir beraten Sie kompetent wenn es um Keramik in Schwimmbädern geht!</p>


<div style="gap: 20px" class="align-button-center ub-buttons orientation-button-row ub-flex-wrap wp-block-ub-button" id="ub-button-2b36f871-4d96-44ea-9baf-aef171c82132"><div class="ub-button-container">
			<a href="https://www.ofentech.ch/index.php/schwimmbad-und-wellness/" target="_blank" rel="noopener noreferrer nofollow" class="ub-button-block-main  " role="button" style="--ub-button-background-color: #313131; --ub-button-color: #ffffff; --ub-button-border: none; --ub-button-hover-background-color: #6d6d6d; --ub-button-hover-color: #ffffff; --ub-button-hover-border: none; padding-top: 10px; padding-right: 10px; padding-bottom: 10px; padding-left: 10px; ">
				<div class="ub-button-content-holder" style="flex-direction: row">
					<span class="ub-button-block-btn">Schwimmbad und Wellness</span>
				</div>
			</a>
		</div></div></div></div>



<div class="wp-block-media-text alignwide is-stacked-on-mobile" style="grid-template-columns:35% auto"><figure class="wp-block-media-text__media"><img loading="lazy" decoding="async" width="1024" height="765" src="https://www.ofentech.ch/wp-content/uploads/2021/07/Aussenbelaege-0714001-1024x765.jpg" alt="" class="wp-image-1936 size-full" srcset="https://www.ofentech.ch/wp-content/uploads/2021/07/Aussenbelaege-0714001-1024x765.jpg 1024w, https://www.ofentech.ch/wp-content/uploads/2021/07/Aussenbelaege-0714001-300x224.jpg 300w, https://www.ofentech.ch/wp-content/uploads/2021/07/Aussenbelaege-0714001-768x574.jpg 768w, https://www.ofentech.ch/wp-content/uploads/2021/07/Aussenbelaege-0714001.jpg 1028w" sizes="auto, (max-width: 1024px) 100vw, 1024px" /></figure><div class="wp-block-media-text__content">
<p class="has-large-font-size wp-block-paragraph">Ob auf Ihrer Terasse oder im Gartensitzplatz &#8211; Keramik erhöht auch in Aussenbereichen Ihr Wohnerlebnis. Lassen Sie sich inspirieren!</p>


<div style="gap: 20px" class="align-button-center ub-buttons orientation-button-row ub-flex-wrap wp-block-ub-button" id="ub-button-5895800a-356d-45e3-9fe5-02484554df81"><div class="ub-button-container">
			<a href="https://www.ofentech.ch/index.php/outdoor-2/" target="_blank" rel="noopener noreferrer nofollow" class="ub-button-block-main  " role="button" style="--ub-button-background-color: #313131; --ub-button-color: #ffffff; --ub-button-border: none; --ub-button-hover-background-color: #6d6d6d; --ub-button-hover-color: #ffffff; --ub-button-hover-border: none; padding-top: 10px; padding-right: 10px; padding-bottom: 10px; padding-left: 10px; ">
				<div class="ub-button-content-holder" style="flex-direction: row">
					<span class="ub-button-block-btn">Outdoor Plättli</span>
				</div>
			</a>
		</div></div></div></div>



<p class="wp-block-paragraph"></p>
