{"id":16,"date":"2020-11-10T17:32:09","date_gmt":"2020-11-10T16:32:09","guid":{"rendered":"http:\/\/localhost\/gwerdertech\/?page_id=7"},"modified":"2021-03-16T18:31:08","modified_gmt":"2021-03-16T18:31:08","slug":"ueber-uns","status":"publish","type":"page","link":"https:\/\/www.ofentech.ch\/index.php\/ueber-uns\/","title":{"rendered":"\u00dcber uns"},"content":{"rendered":"\n<p class=\"wp-block-paragraph\">Unser Familienetrieb wurde 1903 in Goldau gegr\u00fcndet. Bei uns dreht sich seit daher alles ums Feuer und Keramik. Auch Sie interessieren sich daf\u00fcr? Kontaktieren Sie uns und lassen Sie Ihrer Kreativit\u00e4t freien Lauf!<\/p>\n\n\n\n<div class=\"wp-block-image\"><figure class=\"aligncenter size-large\"><img loading=\"lazy\" decoding=\"async\" width=\"1024\" height=\"508\" src=\"https:\/\/www.ofentech.ch\/wp-content\/uploads\/2021\/02\/Visitenkarte-Gwerder-Tech-1024x508.png\" alt=\"\" class=\"wp-image-472\" srcset=\"https:\/\/www.ofentech.ch\/wp-content\/uploads\/2021\/02\/Visitenkarte-Gwerder-Tech-1024x508.png 1024w, https:\/\/www.ofentech.ch\/wp-content\/uploads\/2021\/02\/Visitenkarte-Gwerder-Tech-300x149.png 300w, https:\/\/www.ofentech.ch\/wp-content\/uploads\/2021\/02\/Visitenkarte-Gwerder-Tech-768x381.png 768w, https:\/\/www.ofentech.ch\/wp-content\/uploads\/2021\/02\/Visitenkarte-Gwerder-Tech-1536x763.png 1536w, https:\/\/www.ofentech.ch\/wp-content\/uploads\/2021\/02\/Visitenkarte-Gwerder-Tech-1200x596.png 1200w, https:\/\/www.ofentech.ch\/wp-content\/uploads\/2021\/02\/Visitenkarte-Gwerder-Tech.png 1605w\" sizes=\"auto, (max-width: 1024px) 100vw, 1024px\" \/><\/figure><\/div>\n\n\n\n<div class=\"wp-block-image\"><figure class=\"aligncenter size-large\"><img loading=\"lazy\" decoding=\"async\" width=\"299\" height=\"168\" src=\"https:\/\/www.ofentech.ch\/wp-content\/uploads\/2021\/02\/ruegg.png\" alt=\"\" class=\"wp-image-468\"\/><\/figure><\/div>\n","protected":false},"excerpt":{"rendered":"<p>Unser Familienetrieb wurde 1903 in Goldau gegr\u00fcndet. Bei uns dreht sich seit daher alles ums Feuer und Keramik. Auch Sie interessieren sich daf\u00fcr? Kontaktieren Sie uns und lassen Sie Ihrer Kreativit\u00e4t freien Lauf!<\/p>\n","protected":false},"author":1,"featured_media":0,"parent":0,"menu_order":0,"comment_status":"closed","ping_status":"closed","template":"","meta":{"footnotes":""},"class_list":["post-16","page","type-page","status-publish","hentry"],"featured_image_src":null,"_links":{"self":[{"href":"https:\/\/www.ofentech.ch\/index.php\/wp-json\/wp\/v2\/pages\/16","targetHints":{"allow":["GET"]}}],"collection":[{"href":"https:\/\/www.ofentech.ch\/index.php\/wp-json\/wp\/v2\/pages"}],"about":[{"href":"https:\/\/www.ofentech.ch\/index.php\/wp-json\/wp\/v2\/types\/page"}],"author":[{"embeddable":true,"href":"https:\/\/www.ofentech.ch\/index.php\/wp-json\/wp\/v2\/users\/1"}],"replies":[{"embeddable":true,"href":"https:\/\/www.ofentech.ch\/index.php\/wp-json\/wp\/v2\/comments?post=16"}],"version-history":[{"count":2,"href":"https:\/\/www.ofentech.ch\/index.php\/wp-json\/wp\/v2\/pages\/16\/revisions"}],"predecessor-version":[{"id":862,"href":"https:\/\/www.ofentech.ch\/index.php\/wp-json\/wp\/v2\/pages\/16\/revisions\/862"}],"wp:attachment":[{"href":"https:\/\/www.ofentech.ch\/index.php\/wp-json\/wp\/v2\/media?parent=16"}],"curies":[{"name":"wp","href":"https:\/\/api.w.org\/{rel}","templated":true}]}}

Über uns

<p class="wp-block-paragraph">Unser Familienetrieb wurde 1903 in Goldau gegründet. Bei uns dreht sich seit daher alles ums Feuer und Keramik. Auch Sie interessieren sich dafür? Kontaktieren Sie uns und lassen Sie Ihrer Kreativität freien Lauf!</p>



<div class="wp-block-image"><figure class="aligncenter size-large"><img loading="lazy" decoding="async" width="1024" height="508" src="https://www.ofentech.ch/wp-content/uploads/2021/02/Visitenkarte-Gwerder-Tech-1024x508.png" alt="" class="wp-image-472" srcset="https://www.ofentech.ch/wp-content/uploads/2021/02/Visitenkarte-Gwerder-Tech-1024x508.png 1024w, https://www.ofentech.ch/wp-content/uploads/2021/02/Visitenkarte-Gwerder-Tech-300x149.png 300w, https://www.ofentech.ch/wp-content/uploads/2021/02/Visitenkarte-Gwerder-Tech-768x381.png 768w, https://www.ofentech.ch/wp-content/uploads/2021/02/Visitenkarte-Gwerder-Tech-1536x763.png 1536w, https://www.ofentech.ch/wp-content/uploads/2021/02/Visitenkarte-Gwerder-Tech-1200x596.png 1200w, https://www.ofentech.ch/wp-content/uploads/2021/02/Visitenkarte-Gwerder-Tech.png 1605w" sizes="auto, (max-width: 1024px) 100vw, 1024px" /></figure></div>



<div class="wp-block-image"><figure class="aligncenter size-large"><img loading="lazy" decoding="async" width="299" height="168" src="https://www.ofentech.ch/wp-content/uploads/2021/02/ruegg.png" alt="" class="wp-image-468"/></figure></div>

<p>Unser Familienetrieb wurde 1903 in Goldau gegründet. Bei uns dreht sich seit daher alles ums Feuer und Keramik. Auch Sie interessieren sich dafür? Kontaktieren Sie uns und lassen Sie Ihrer Kreativität freien Lauf!</p>
