{"id":2,"date":"2021-02-03T17:42:03","date_gmt":"2021-02-03T17:42:03","guid":{"rendered":"https:\/\/www.ofentech.ch\/?page_id=2"},"modified":"2025-02-18T14:54:20","modified_gmt":"2025-02-18T14:54:20","slug":"sample-page","status":"publish","type":"page","link":"https:\/\/www.ofentech.ch\/","title":{"rendered":"Familienbetrieb mit Tradition &#8211; seit 1903"},"content":{"rendered":"\n<h2 class=\"wp-block-heading alignwide has-text-align-center\" style=\"font-size:33px\">Sie interessieren sich f\u00fcr eine Feuerstelle oder keramische Plattenbel\u00e4ge? Bei uns sind Sie mit Chemin\u00e9e und Platten genau richtig.<\/h2>\n\n\n\n<div class=\"wp-block-media-text alignwide has-media-on-the-right is-stacked-on-mobile\"><div class=\"wp-block-media-text__content\">\n<p class=\"wp-block-paragraph\" style=\"font-size:30px\">Holzfeuer &#8211; erneuerbar, lokal, CO2 neutral und unvergleichbar stimmungsvoll. Klicken Sie unten auf Feuer, um unser feuriges Angebot zu erkunden.<\/p>\n\n\n<div style=\"gap: 20px\" class=\"align-button-center ub-buttons orientation-button-row ub-flex-wrap wp-block-ub-button\" id=\"ub-button-af4cd207-6917-4b22-8899-e00ab65ab74e\"><div class=\"ub-button-container\">\n\t\t\t<a href=\"https:\/\/www.ofentech.ch\/index.php\/feuer\/\" target=\"_blank\" rel=\"noopener noreferrer nofollow\" class=\"ub-button-block-main  \" role=\"button\" style=\"--ub-button-background-color: #000000; --ub-button-color: #ffffff; --ub-button-border: none; --ub-button-hover-background-color: #6d6d6d; --ub-button-hover-color: #ffffff; --ub-button-hover-border: none; padding-top: 10px; padding-right: 10px; padding-bottom: 10px; padding-left: 10px; \">\n\t\t\t\t<div class=\"ub-button-content-holder\" style=\"flex-direction: row\">\n\t\t\t\t\t<span class=\"ub-button-block-btn\">Feuer<\/span>\n\t\t\t\t<\/div>\n\t\t\t<\/a>\n\t\t<\/div><\/div><\/div><figure class=\"wp-block-media-text__media\"><img loading=\"lazy\" decoding=\"async\" width=\"1024\" height=\"683\" src=\"https:\/\/www.ofentech.ch\/wp-content\/uploads\/2021\/07\/Cheminee-0099903-1024x683.jpg\" alt=\"\" class=\"wp-image-1384 size-full\" srcset=\"https:\/\/www.ofentech.ch\/wp-content\/uploads\/2021\/07\/Cheminee-0099903-1024x683.jpg 1024w, https:\/\/www.ofentech.ch\/wp-content\/uploads\/2021\/07\/Cheminee-0099903-300x200.jpg 300w, https:\/\/www.ofentech.ch\/wp-content\/uploads\/2021\/07\/Cheminee-0099903-768x512.jpg 768w, https:\/\/www.ofentech.ch\/wp-content\/uploads\/2021\/07\/Cheminee-0099903.jpg 1152w\" sizes=\"auto, (max-width: 1024px) 100vw, 1024px\" \/><\/figure><\/div>\n\n\n\n<div class=\"wp-block-media-text alignwide is-stacked-on-mobile\"><figure class=\"wp-block-media-text__media\"><img loading=\"lazy\" decoding=\"async\" width=\"962\" height=\"689\" src=\"https:\/\/www.ofentech.ch\/wp-content\/uploads\/2021\/07\/Screenshot-2021-07-13-093325.png\" alt=\"\" class=\"wp-image-1761 size-full\" srcset=\"https:\/\/www.ofentech.ch\/wp-content\/uploads\/2021\/07\/Screenshot-2021-07-13-093325.png 962w, https:\/\/www.ofentech.ch\/wp-content\/uploads\/2021\/07\/Screenshot-2021-07-13-093325-300x215.png 300w, https:\/\/www.ofentech.ch\/wp-content\/uploads\/2021\/07\/Screenshot-2021-07-13-093325-768x550.png 768w\" sizes=\"auto, (max-width: 962px) 100vw, 962px\" \/><\/figure><div class=\"wp-block-media-text__content\">\n<p class=\"wp-block-paragraph\" style=\"font-size:30px\"><br>Besuchen Sie unsere Ausstellung an der <a rel=\"noreferrer noopener\" href=\"https:\/\/www.google.com\/maps\/place\/Gwerder+Tech+GmbH\/@47.052085,8.5405173,17z\/data=!3m1!4b1!4m5!3m4!1s0x478553fffe4c00a7:0x1ba348c69900b15d!8m2!3d47.0520685!4d8.542687\" data-type=\"URL\" data-id=\"https:\/\/www.google.com\/maps\/place\/Gwerder+Tech+GmbH\/@47.052085,8.5405173,17z\/data=!3m1!4b1!4m5!3m4!1s0x478553fffe4c00a7:0x1ba348c69900b15d!8m2!3d47.0520685!4d8.542687\" target=\"_blank\">Gotthardstrasse 11<\/a> in Goldau. Unser Team freut sich auf Ihren Besuch.<\/p>\n\n\n<div style=\"gap: 20px\" class=\"align-button-center ub-buttons orientation-button-row ub-flex-wrap wp-block-ub-button\" id=\"ub-button-574a649f-0ab7-42e2-9000-c9bb06b40f1b\"><div class=\"ub-button-container\">\n\t\t\t<a href=\"https:\/\/www.ofentech.ch\/index.php\/ausstellung\/\" target=\"_blank\" rel=\"noopener noreferrer nofollow\" class=\"ub-button-block-main  \" role=\"button\" style=\"--ub-button-background-color: #313131; --ub-button-color: #ffffff; --ub-button-border: none; --ub-button-hover-background-color: #6d6d6d; --ub-button-hover-color: #ffffff; --ub-button-hover-border: none; padding-top: 10px; padding-right: 10px; padding-bottom: 10px; padding-left: 10px; \">\n\t\t\t\t<div class=\"ub-button-content-holder\" style=\"flex-direction: row\">\n\t\t\t\t\t<span class=\"ub-button-block-btn\">Ausstellung<\/span>\n\t\t\t\t<\/div>\n\t\t\t<\/a>\n\t\t<\/div><\/div><\/div><\/div>\n\n\n\n<div class=\"wp-block-media-text alignwide has-media-on-the-right is-stacked-on-mobile\" style=\"grid-template-columns:auto 47%\"><div class=\"wp-block-media-text__content\">\n<p class=\"wp-block-paragraph\" style=\"font-size:30px\">Keramik &#8211; Dauerhaft best\u00e4ndig und unvergleichbar elegant. Von Badezimmer bis Wandverkleidung oder Bodenplatten. Wir bieten Ihnen das gesamte Paket der besten Hersteller aus Europa.<\/p>\n\n\n<div style=\"gap: 20px\" class=\"align-button-center ub-buttons orientation-button-row ub-flex-wrap wp-block-ub-button\" id=\"ub-button-c83ed005-4f43-4fc0-99fb-9cc96a4c81e9\"><div class=\"ub-button-container\">\n\t\t\t<a href=\"https:\/\/www.ofentech.ch\/index.php\/keramik\/\" target=\"_blank\" rel=\"noopener noreferrer nofollow\" class=\"ub-button-block-main  \" role=\"button\" style=\"--ub-button-background-color: #313131; --ub-button-color: #ffffff; --ub-button-border: none; --ub-button-hover-background-color: #6d6d6d; --ub-button-hover-color: #ffffff; --ub-button-hover-border: none; padding-top: 10px; padding-right: 10px; padding-bottom: 10px; padding-left: 10px; \">\n\t\t\t\t<div class=\"ub-button-content-holder\" style=\"flex-direction: row\">\n\t\t\t\t\t<span class=\"ub-button-block-btn\">Keramik<\/span>\n\t\t\t\t<\/div>\n\t\t\t<\/a>\n\t\t<\/div><\/div>\n\n\n<p class=\"wp-block-paragraph\"><\/p>\n<\/div><figure class=\"wp-block-media-text__media\"><img loading=\"lazy\" decoding=\"async\" width=\"1024\" height=\"768\" src=\"https:\/\/www.ofentech.ch\/wp-content\/uploads\/2021\/07\/0099702-Plattenbelag.jpg\" alt=\"\" class=\"wp-image-2331 size-full\" srcset=\"https:\/\/www.ofentech.ch\/wp-content\/uploads\/2021\/07\/0099702-Plattenbelag.jpg 1024w, https:\/\/www.ofentech.ch\/wp-content\/uploads\/2021\/07\/0099702-Plattenbelag-300x225.jpg 300w, https:\/\/www.ofentech.ch\/wp-content\/uploads\/2021\/07\/0099702-Plattenbelag-768x576.jpg 768w\" sizes=\"auto, (max-width: 1024px) 100vw, 1024px\" \/><\/figure><\/div>\n\n\n\n<div class=\"wp-block-media-text alignwide is-stacked-on-mobile\" style=\"grid-template-columns:52% auto\"><figure class=\"wp-block-media-text__media\"><img loading=\"lazy\" decoding=\"async\" width=\"600\" height=\"338\" src=\"https:\/\/www.ofentech.ch\/wp-content\/uploads\/2024\/08\/medium_Tulikivi_Karelia_Mittatilaus_Raita_4_Custom_Made.jpg\" alt=\"\" class=\"wp-image-3416 size-full\" srcset=\"https:\/\/www.ofentech.ch\/wp-content\/uploads\/2024\/08\/medium_Tulikivi_Karelia_Mittatilaus_Raita_4_Custom_Made.jpg 600w, https:\/\/www.ofentech.ch\/wp-content\/uploads\/2024\/08\/medium_Tulikivi_Karelia_Mittatilaus_Raita_4_Custom_Made-300x169.jpg 300w\" sizes=\"auto, (max-width: 600px) 100vw, 600px\" \/><\/figure><div class=\"wp-block-media-text__content\">\n<p class=\"has-large-font-size wp-block-paragraph\">Wir sind Ihr zuverl\u00e4ssiger Fachpartner f\u00fcr Plattenarbeiten, Chemin\u00e9e einbauen, Ofenbau und Kamine in der Region Arth-Goldau, Schwyz, Zug, K\u00fcssnacht, Meggen, Viznau, Gersau, Brunnen, Luzern, Z\u00fcrich und Umgebung.<\/p>\n<\/div><\/div>\n\n\n\n<div class=\"wp-block-media-text alignwide has-media-on-the-right is-stacked-on-mobile\" style=\"grid-template-columns:auto 48%\"><div class=\"wp-block-media-text__content\">\n<p class=\"wp-block-paragraph\">Unsere Dienstleistung: von der Idee, zur Planung mit Visualisierung \u00fcber das Projektmanagement bis zur Umsetzung und \u00dcbergabe &#8211; wir sind f\u00fcr Sie da und erm\u00f6glichen durch unsere professionelle Planung den bestm\u00f6glichen Kundenerfolg.<\/p>\n\n\n<div style=\"gap: 20px\" class=\"align-button-center ub-buttons orientation-button-row ub-flex-wrap wp-block-ub-button\" id=\"ub-button-04734515-b442-4cb4-b4d7-084a311bec89\"><div class=\"ub-button-container\">\n\t\t\t<a href=\"https:\/\/www.ofentech.ch\/index.php\/visualisierungen\/\" target=\"_blank\" rel=\"noopener noreferrer\" class=\"ub-button-block-main   ub-button-flex\" role=\"button\" style=\"--ub-button-background-color: #313131; --ub-button-color: #ffffff; --ub-button-border: none; --ub-button-hover-background-color: #313131; --ub-button-hover-color: #ffffff; --ub-button-hover-border: none; padding-top: 10px; padding-right: 10px; padding-bottom: 10px; padding-left: 10px; border-top-left-radius: 10px;; border-top-right-radius: 10px;; border-bottom-left-radius: 10px;; border-bottom-right-radius: 10px;; \">\n\t\t\t\t<div class=\"ub-button-content-holder\" style=\"flex-direction: row\">\n\t\t\t\t\t<span class=\"ub-button-block-btn\">Visualisierungen<\/span>\n\t\t\t\t<\/div>\n\t\t\t<\/a>\n\t\t<\/div><\/div><\/div><figure class=\"wp-block-media-text__media\"><img loading=\"lazy\" decoding=\"async\" width=\"1024\" height=\"525\" src=\"https:\/\/www.ofentech.ch\/wp-content\/uploads\/2023\/02\/Screenshot-2023-02-24-111647-1024x525.png\" alt=\"\" class=\"wp-image-3132 size-full\" srcset=\"https:\/\/www.ofentech.ch\/wp-content\/uploads\/2023\/02\/Screenshot-2023-02-24-111647-1024x525.png 1024w, https:\/\/www.ofentech.ch\/wp-content\/uploads\/2023\/02\/Screenshot-2023-02-24-111647-300x154.png 300w, https:\/\/www.ofentech.ch\/wp-content\/uploads\/2023\/02\/Screenshot-2023-02-24-111647-768x394.png 768w, https:\/\/www.ofentech.ch\/wp-content\/uploads\/2023\/02\/Screenshot-2023-02-24-111647-1200x616.png 1200w, https:\/\/www.ofentech.ch\/wp-content\/uploads\/2023\/02\/Screenshot-2023-02-24-111647.png 1269w\" sizes=\"auto, (max-width: 1024px) 100vw, 1024px\" \/><\/figure><\/div>\n","protected":false},"excerpt":{"rendered":"<p>Sie interessieren sich f\u00fcr eine Feuerstelle oder keramische Plattenbel\u00e4ge? Bei uns sind Sie mit Chemin\u00e9e und Platten genau richtig. Wir sind Ihr zuverl\u00e4ssiger Fachpartner f\u00fcr Plattenarbeiten, Chemin\u00e9e einbauen, Ofenbau und Kamine in der Region Arth-Goldau, Schwyz, Zug, K\u00fcssnacht, Meggen, Viznau, Gersau, Brunnen, Luzern, Z\u00fcrich und Umgebung.<\/p>\n","protected":false},"author":1,"featured_media":0,"parent":0,"menu_order":0,"comment_status":"closed","ping_status":"closed","template":"","meta":{"footnotes":""},"class_list":["post-2","page","type-page","status-publish","hentry"],"featured_image_src":null,"_links":{"self":[{"href":"https:\/\/www.ofentech.ch\/index.php\/wp-json\/wp\/v2\/pages\/2","targetHints":{"allow":["GET"]}}],"collection":[{"href":"https:\/\/www.ofentech.ch\/index.php\/wp-json\/wp\/v2\/pages"}],"about":[{"href":"https:\/\/www.ofentech.ch\/index.php\/wp-json\/wp\/v2\/types\/page"}],"author":[{"embeddable":true,"href":"https:\/\/www.ofentech.ch\/index.php\/wp-json\/wp\/v2\/users\/1"}],"replies":[{"embeddable":true,"href":"https:\/\/www.ofentech.ch\/index.php\/wp-json\/wp\/v2\/comments?post=2"}],"version-history":[{"count":47,"href":"https:\/\/www.ofentech.ch\/index.php\/wp-json\/wp\/v2\/pages\/2\/revisions"}],"predecessor-version":[{"id":3516,"href":"https:\/\/www.ofentech.ch\/index.php\/wp-json\/wp\/v2\/pages\/2\/revisions\/3516"}],"wp:attachment":[{"href":"https:\/\/www.ofentech.ch\/index.php\/wp-json\/wp\/v2\/media?parent=2"}],"curies":[{"name":"wp","href":"https:\/\/api.w.org\/{rel}","templated":true}]}}

<h2 class="wp-block-heading alignwide has-text-align-center" style="font-size:33px">Sie interessieren sich für eine Feuerstelle oder keramische Plattenbeläge? Bei uns sind Sie mit Cheminée und Platten genau richtig.</h2>



<div class="wp-block-media-text alignwide has-media-on-the-right is-stacked-on-mobile"><div class="wp-block-media-text__content">
<p class="wp-block-paragraph" style="font-size:30px">Holzfeuer &#8211; erneuerbar, lokal, CO2 neutral und unvergleichbar stimmungsvoll. Klicken Sie unten auf Feuer, um unser feuriges Angebot zu erkunden.</p>


<div style="gap: 20px" class="align-button-center ub-buttons orientation-button-row ub-flex-wrap wp-block-ub-button" id="ub-button-af4cd207-6917-4b22-8899-e00ab65ab74e"><div class="ub-button-container">
			<a href="https://www.ofentech.ch/index.php/feuer/" target="_blank" rel="noopener noreferrer nofollow" class="ub-button-block-main  " role="button" style="--ub-button-background-color: #000000; --ub-button-color: #ffffff; --ub-button-border: none; --ub-button-hover-background-color: #6d6d6d; --ub-button-hover-color: #ffffff; --ub-button-hover-border: none; padding-top: 10px; padding-right: 10px; padding-bottom: 10px; padding-left: 10px; ">
				<div class="ub-button-content-holder" style="flex-direction: row">
					<span class="ub-button-block-btn">Feuer</span>
				</div>
			</a>
		</div></div></div><figure class="wp-block-media-text__media"><img loading="lazy" decoding="async" width="1024" height="683" src="https://www.ofentech.ch/wp-content/uploads/2021/07/Cheminee-0099903-1024x683.jpg" alt="" class="wp-image-1384 size-full" srcset="https://www.ofentech.ch/wp-content/uploads/2021/07/Cheminee-0099903-1024x683.jpg 1024w, https://www.ofentech.ch/wp-content/uploads/2021/07/Cheminee-0099903-300x200.jpg 300w, https://www.ofentech.ch/wp-content/uploads/2021/07/Cheminee-0099903-768x512.jpg 768w, https://www.ofentech.ch/wp-content/uploads/2021/07/Cheminee-0099903.jpg 1152w" sizes="auto, (max-width: 1024px) 100vw, 1024px" /></figure></div>



<div class="wp-block-media-text alignwide is-stacked-on-mobile"><figure class="wp-block-media-text__media"><img loading="lazy" decoding="async" width="962" height="689" src="https://www.ofentech.ch/wp-content/uploads/2021/07/Screenshot-2021-07-13-093325.png" alt="" class="wp-image-1761 size-full" srcset="https://www.ofentech.ch/wp-content/uploads/2021/07/Screenshot-2021-07-13-093325.png 962w, https://www.ofentech.ch/wp-content/uploads/2021/07/Screenshot-2021-07-13-093325-300x215.png 300w, https://www.ofentech.ch/wp-content/uploads/2021/07/Screenshot-2021-07-13-093325-768x550.png 768w" sizes="auto, (max-width: 962px) 100vw, 962px" /></figure><div class="wp-block-media-text__content">
<p class="wp-block-paragraph" style="font-size:30px"><br>Besuchen Sie unsere Ausstellung an der <a rel="noreferrer noopener" href="https://www.google.com/maps/place/Gwerder+Tech+GmbH/@47.052085,8.5405173,17z/data=!3m1!4b1!4m5!3m4!1s0x478553fffe4c00a7:0x1ba348c69900b15d!8m2!3d47.0520685!4d8.542687" data-type="URL" data-id="https://www.google.com/maps/place/Gwerder+Tech+GmbH/@47.052085,8.5405173,17z/data=!3m1!4b1!4m5!3m4!1s0x478553fffe4c00a7:0x1ba348c69900b15d!8m2!3d47.0520685!4d8.542687" target="_blank">Gotthardstrasse 11</a> in Goldau. Unser Team freut sich auf Ihren Besuch.</p>


<div style="gap: 20px" class="align-button-center ub-buttons orientation-button-row ub-flex-wrap wp-block-ub-button" id="ub-button-574a649f-0ab7-42e2-9000-c9bb06b40f1b"><div class="ub-button-container">
			<a href="https://www.ofentech.ch/index.php/ausstellung/" target="_blank" rel="noopener noreferrer nofollow" class="ub-button-block-main  " role="button" style="--ub-button-background-color: #313131; --ub-button-color: #ffffff; --ub-button-border: none; --ub-button-hover-background-color: #6d6d6d; --ub-button-hover-color: #ffffff; --ub-button-hover-border: none; padding-top: 10px; padding-right: 10px; padding-bottom: 10px; padding-left: 10px; ">
				<div class="ub-button-content-holder" style="flex-direction: row">
					<span class="ub-button-block-btn">Ausstellung</span>
				</div>
			</a>
		</div></div></div></div>



<div class="wp-block-media-text alignwide has-media-on-the-right is-stacked-on-mobile" style="grid-template-columns:auto 47%"><div class="wp-block-media-text__content">
<p class="wp-block-paragraph" style="font-size:30px">Keramik &#8211; Dauerhaft beständig und unvergleichbar elegant. Von Badezimmer bis Wandverkleidung oder Bodenplatten. Wir bieten Ihnen das gesamte Paket der besten Hersteller aus Europa.</p>


<div style="gap: 20px" class="align-button-center ub-buttons orientation-button-row ub-flex-wrap wp-block-ub-button" id="ub-button-c83ed005-4f43-4fc0-99fb-9cc96a4c81e9"><div class="ub-button-container">
			<a href="https://www.ofentech.ch/index.php/keramik/" target="_blank" rel="noopener noreferrer nofollow" class="ub-button-block-main  " role="button" style="--ub-button-background-color: #313131; --ub-button-color: #ffffff; --ub-button-border: none; --ub-button-hover-background-color: #6d6d6d; --ub-button-hover-color: #ffffff; --ub-button-hover-border: none; padding-top: 10px; padding-right: 10px; padding-bottom: 10px; padding-left: 10px; ">
				<div class="ub-button-content-holder" style="flex-direction: row">
					<span class="ub-button-block-btn">Keramik</span>
				</div>
			</a>
		</div></div>


<p class="wp-block-paragraph"></p>
</div><figure class="wp-block-media-text__media"><img loading="lazy" decoding="async" width="1024" height="768" src="https://www.ofentech.ch/wp-content/uploads/2021/07/0099702-Plattenbelag.jpg" alt="" class="wp-image-2331 size-full" srcset="https://www.ofentech.ch/wp-content/uploads/2021/07/0099702-Plattenbelag.jpg 1024w, https://www.ofentech.ch/wp-content/uploads/2021/07/0099702-Plattenbelag-300x225.jpg 300w, https://www.ofentech.ch/wp-content/uploads/2021/07/0099702-Plattenbelag-768x576.jpg 768w" sizes="auto, (max-width: 1024px) 100vw, 1024px" /></figure></div>



<div class="wp-block-media-text alignwide is-stacked-on-mobile" style="grid-template-columns:52% auto"><figure class="wp-block-media-text__media"><img loading="lazy" decoding="async" width="600" height="338" src="https://www.ofentech.ch/wp-content/uploads/2024/08/medium_Tulikivi_Karelia_Mittatilaus_Raita_4_Custom_Made.jpg" alt="" class="wp-image-3416 size-full" srcset="https://www.ofentech.ch/wp-content/uploads/2024/08/medium_Tulikivi_Karelia_Mittatilaus_Raita_4_Custom_Made.jpg 600w, https://www.ofentech.ch/wp-content/uploads/2024/08/medium_Tulikivi_Karelia_Mittatilaus_Raita_4_Custom_Made-300x169.jpg 300w" sizes="auto, (max-width: 600px) 100vw, 600px" /></figure><div class="wp-block-media-text__content">
<p class="has-large-font-size wp-block-paragraph">Wir sind Ihr zuverlässiger Fachpartner für Plattenarbeiten, Cheminée einbauen, Ofenbau und Kamine in der Region Arth-Goldau, Schwyz, Zug, Küssnacht, Meggen, Viznau, Gersau, Brunnen, Luzern, Zürich und Umgebung.</p>
</div></div>



<div class="wp-block-media-text alignwide has-media-on-the-right is-stacked-on-mobile" style="grid-template-columns:auto 48%"><div class="wp-block-media-text__content">
<p class="wp-block-paragraph">Unsere Dienstleistung: von der Idee, zur Planung mit Visualisierung über das Projektmanagement bis zur Umsetzung und Übergabe &#8211; wir sind für Sie da und ermöglichen durch unsere professionelle Planung den bestmöglichen Kundenerfolg.</p>


<div style="gap: 20px" class="align-button-center ub-buttons orientation-button-row ub-flex-wrap wp-block-ub-button" id="ub-button-04734515-b442-4cb4-b4d7-084a311bec89"><div class="ub-button-container">
			<a href="https://www.ofentech.ch/index.php/visualisierungen/" target="_blank" rel="noopener noreferrer" class="ub-button-block-main   ub-button-flex" role="button" style="--ub-button-background-color: #313131; --ub-button-color: #ffffff; --ub-button-border: none; --ub-button-hover-background-color: #313131; --ub-button-hover-color: #ffffff; --ub-button-hover-border: none; padding-top: 10px; padding-right: 10px; padding-bottom: 10px; padding-left: 10px; border-top-left-radius: 10px;; border-top-right-radius: 10px;; border-bottom-left-radius: 10px;; border-bottom-right-radius: 10px;; ">
				<div class="ub-button-content-holder" style="flex-direction: row">
					<span class="ub-button-block-btn">Visualisierungen</span>
				</div>
			</a>
		</div></div></div><figure class="wp-block-media-text__media"><img loading="lazy" decoding="async" width="1024" height="525" src="https://www.ofentech.ch/wp-content/uploads/2023/02/Screenshot-2023-02-24-111647-1024x525.png" alt="" class="wp-image-3132 size-full" srcset="https://www.ofentech.ch/wp-content/uploads/2023/02/Screenshot-2023-02-24-111647-1024x525.png 1024w, https://www.ofentech.ch/wp-content/uploads/2023/02/Screenshot-2023-02-24-111647-300x154.png 300w, https://www.ofentech.ch/wp-content/uploads/2023/02/Screenshot-2023-02-24-111647-768x394.png 768w, https://www.ofentech.ch/wp-content/uploads/2023/02/Screenshot-2023-02-24-111647-1200x616.png 1200w, https://www.ofentech.ch/wp-content/uploads/2023/02/Screenshot-2023-02-24-111647.png 1269w" sizes="auto, (max-width: 1024px) 100vw, 1024px" /></figure></div>

<p>Sie interessieren sich für eine Feuerstelle oder keramische Plattenbeläge? Bei uns sind Sie mit Cheminée und Platten genau richtig. Wir sind Ihr zuverlässiger Fachpartner für Plattenarbeiten, Cheminée einbauen, Ofenbau und Kamine in der Region Arth-Goldau, Schwyz, Zug, Küssnacht, Meggen, Viznau, Gersau, Brunnen, Luzern, Zürich und Umgebung.</p>
