{"id":669,"date":"2021-02-10T14:31:41","date_gmt":"2021-02-10T14:31:41","guid":{"rendered":"https:\/\/www.ofentech.ch\/?page_id=669"},"modified":"2023-02-13T08:42:39","modified_gmt":"2023-02-13T08:42:39","slug":"team","status":"publish","type":"page","link":"https:\/\/www.ofentech.ch\/index.php\/team\/","title":{"rendered":"Team"},"content":{"rendered":"\n<p class=\"wp-block-paragraph\">Unser Team besteht haupts\u00e4chlich aus den 3 Br\u00fcdern Joe, Christian und Richard Gwerder welche die Firma von ihrem Vater  \u00fcbernommen haben. Zusammen f\u00fchren sie den Familienbetrieb nun schon erfolgreich seit 1985.<\/p>\n\n\n<div class=\"wp-block-image\">\n<figure class=\"aligncenter size-large\"><img loading=\"lazy\" decoding=\"async\" width=\"1024\" height=\"683\" src=\"https:\/\/www.ofentech.ch\/wp-content\/uploads\/2021\/02\/6448-Gwerder-Tech-GmbH-Goldau_Joe_Jeanette_Christian_Irene_Richard-Gwerder-1024x683.jpg\" alt=\"\" class=\"wp-image-738\" srcset=\"https:\/\/www.ofentech.ch\/wp-content\/uploads\/2021\/02\/6448-Gwerder-Tech-GmbH-Goldau_Joe_Jeanette_Christian_Irene_Richard-Gwerder-1024x683.jpg 1024w, https:\/\/www.ofentech.ch\/wp-content\/uploads\/2021\/02\/6448-Gwerder-Tech-GmbH-Goldau_Joe_Jeanette_Christian_Irene_Richard-Gwerder-300x200.jpg 300w, https:\/\/www.ofentech.ch\/wp-content\/uploads\/2021\/02\/6448-Gwerder-Tech-GmbH-Goldau_Joe_Jeanette_Christian_Irene_Richard-Gwerder-768x512.jpg 768w, https:\/\/www.ofentech.ch\/wp-content\/uploads\/2021\/02\/6448-Gwerder-Tech-GmbH-Goldau_Joe_Jeanette_Christian_Irene_Richard-Gwerder-1536x1024.jpg 1536w, https:\/\/www.ofentech.ch\/wp-content\/uploads\/2021\/02\/6448-Gwerder-Tech-GmbH-Goldau_Joe_Jeanette_Christian_Irene_Richard-Gwerder-2048x1365.jpg 2048w, https:\/\/www.ofentech.ch\/wp-content\/uploads\/2021\/02\/6448-Gwerder-Tech-GmbH-Goldau_Joe_Jeanette_Christian_Irene_Richard-Gwerder-1200x800.jpg 1200w\" sizes=\"auto, (max-width: 1024px) 100vw, 1024px\" \/><\/figure>\n<\/div>\n\n\n<figure class=\"wp-block-image size-large\"><img loading=\"lazy\" decoding=\"async\" width=\"1024\" height=\"768\" src=\"https:\/\/www.ofentech.ch\/wp-content\/uploads\/2021\/03\/team2.jpeg\" alt=\"\" class=\"wp-image-822\" srcset=\"https:\/\/www.ofentech.ch\/wp-content\/uploads\/2021\/03\/team2.jpeg 1024w, https:\/\/www.ofentech.ch\/wp-content\/uploads\/2021\/03\/team2-300x225.jpeg 300w, https:\/\/www.ofentech.ch\/wp-content\/uploads\/2021\/03\/team2-768x576.jpeg 768w\" sizes=\"auto, (max-width: 1024px) 100vw, 1024px\" \/><\/figure>\n\n\n\n<figure class=\"wp-block-image size-large is-resized\"><img loading=\"lazy\" decoding=\"async\" src=\"https:\/\/www.ofentech.ch\/wp-content\/uploads\/2023\/02\/IMG_20230127_114521_1-1024x473.jpg\" alt=\"\" class=\"wp-image-2994\" width=\"610\" height=\"281\" srcset=\"https:\/\/www.ofentech.ch\/wp-content\/uploads\/2023\/02\/IMG_20230127_114521_1-1024x473.jpg 1024w, https:\/\/www.ofentech.ch\/wp-content\/uploads\/2023\/02\/IMG_20230127_114521_1-300x139.jpg 300w, https:\/\/www.ofentech.ch\/wp-content\/uploads\/2023\/02\/IMG_20230127_114521_1-768x355.jpg 768w, https:\/\/www.ofentech.ch\/wp-content\/uploads\/2023\/02\/IMG_20230127_114521_1-1536x710.jpg 1536w, https:\/\/www.ofentech.ch\/wp-content\/uploads\/2023\/02\/IMG_20230127_114521_1-1200x554.jpg 1200w, https:\/\/www.ofentech.ch\/wp-content\/uploads\/2023\/02\/IMG_20230127_114521_1.jpg 1920w\" sizes=\"auto, (max-width: 610px) 100vw, 610px\" \/><\/figure>\n","protected":false},"excerpt":{"rendered":"<p>Unser Team besteht haupts\u00e4chlich aus den 3 Br\u00fcdern Joe, Christian und Richard Gwerder welche die Firma von ihrem Vater \u00fcbernommen haben. Zusammen f\u00fchren sie den Familienbetrieb nun schon erfolgreich seit 1985.<\/p>\n","protected":false},"author":1,"featured_media":0,"parent":0,"menu_order":0,"comment_status":"closed","ping_status":"closed","template":"","meta":{"footnotes":""},"class_list":["post-669","page","type-page","status-publish","hentry"],"featured_image_src":null,"_links":{"self":[{"href":"https:\/\/www.ofentech.ch\/index.php\/wp-json\/wp\/v2\/pages\/669","targetHints":{"allow":["GET"]}}],"collection":[{"href":"https:\/\/www.ofentech.ch\/index.php\/wp-json\/wp\/v2\/pages"}],"about":[{"href":"https:\/\/www.ofentech.ch\/index.php\/wp-json\/wp\/v2\/types\/page"}],"author":[{"embeddable":true,"href":"https:\/\/www.ofentech.ch\/index.php\/wp-json\/wp\/v2\/users\/1"}],"replies":[{"embeddable":true,"href":"https:\/\/www.ofentech.ch\/index.php\/wp-json\/wp\/v2\/comments?post=669"}],"version-history":[{"count":9,"href":"https:\/\/www.ofentech.ch\/index.php\/wp-json\/wp\/v2\/pages\/669\/revisions"}],"predecessor-version":[{"id":2997,"href":"https:\/\/www.ofentech.ch\/index.php\/wp-json\/wp\/v2\/pages\/669\/revisions\/2997"}],"wp:attachment":[{"href":"https:\/\/www.ofentech.ch\/index.php\/wp-json\/wp\/v2\/media?parent=669"}],"curies":[{"name":"wp","href":"https:\/\/api.w.org\/{rel}","templated":true}]}}

<p class="wp-block-paragraph">Unser Team besteht hauptsächlich aus den 3 Brüdern Joe, Christian und Richard Gwerder welche die Firma von ihrem Vater  übernommen haben. Zusammen führen sie den Familienbetrieb nun schon erfolgreich seit 1985.</p>


<div class="wp-block-image">
<figure class="aligncenter size-large"><img loading="lazy" decoding="async" width="1024" height="683" src="https://www.ofentech.ch/wp-content/uploads/2021/02/6448-Gwerder-Tech-GmbH-Goldau_Joe_Jeanette_Christian_Irene_Richard-Gwerder-1024x683.jpg" alt="" class="wp-image-738" srcset="https://www.ofentech.ch/wp-content/uploads/2021/02/6448-Gwerder-Tech-GmbH-Goldau_Joe_Jeanette_Christian_Irene_Richard-Gwerder-1024x683.jpg 1024w, https://www.ofentech.ch/wp-content/uploads/2021/02/6448-Gwerder-Tech-GmbH-Goldau_Joe_Jeanette_Christian_Irene_Richard-Gwerder-300x200.jpg 300w, https://www.ofentech.ch/wp-content/uploads/2021/02/6448-Gwerder-Tech-GmbH-Goldau_Joe_Jeanette_Christian_Irene_Richard-Gwerder-768x512.jpg 768w, https://www.ofentech.ch/wp-content/uploads/2021/02/6448-Gwerder-Tech-GmbH-Goldau_Joe_Jeanette_Christian_Irene_Richard-Gwerder-1536x1024.jpg 1536w, https://www.ofentech.ch/wp-content/uploads/2021/02/6448-Gwerder-Tech-GmbH-Goldau_Joe_Jeanette_Christian_Irene_Richard-Gwerder-2048x1365.jpg 2048w, https://www.ofentech.ch/wp-content/uploads/2021/02/6448-Gwerder-Tech-GmbH-Goldau_Joe_Jeanette_Christian_Irene_Richard-Gwerder-1200x800.jpg 1200w" sizes="auto, (max-width: 1024px) 100vw, 1024px" /></figure>
</div>


<figure class="wp-block-image size-large"><img loading="lazy" decoding="async" width="1024" height="768" src="https://www.ofentech.ch/wp-content/uploads/2021/03/team2.jpeg" alt="" class="wp-image-822" srcset="https://www.ofentech.ch/wp-content/uploads/2021/03/team2.jpeg 1024w, https://www.ofentech.ch/wp-content/uploads/2021/03/team2-300x225.jpeg 300w, https://www.ofentech.ch/wp-content/uploads/2021/03/team2-768x576.jpeg 768w" sizes="auto, (max-width: 1024px) 100vw, 1024px" /></figure>



<figure class="wp-block-image size-large is-resized"><img loading="lazy" decoding="async" src="https://www.ofentech.ch/wp-content/uploads/2023/02/IMG_20230127_114521_1-1024x473.jpg" alt="" class="wp-image-2994" width="610" height="281" srcset="https://www.ofentech.ch/wp-content/uploads/2023/02/IMG_20230127_114521_1-1024x473.jpg 1024w, https://www.ofentech.ch/wp-content/uploads/2023/02/IMG_20230127_114521_1-300x139.jpg 300w, https://www.ofentech.ch/wp-content/uploads/2023/02/IMG_20230127_114521_1-768x355.jpg 768w, https://www.ofentech.ch/wp-content/uploads/2023/02/IMG_20230127_114521_1-1536x710.jpg 1536w, https://www.ofentech.ch/wp-content/uploads/2023/02/IMG_20230127_114521_1-1200x554.jpg 1200w, https://www.ofentech.ch/wp-content/uploads/2023/02/IMG_20230127_114521_1.jpg 1920w" sizes="auto, (max-width: 610px) 100vw, 610px" /></figure>

<p>Unser Team besteht hauptsächlich aus den 3 Brüdern Joe, Christian und Richard Gwerder welche die Firma von ihrem Vater übernommen haben. Zusammen führen sie den Familienbetrieb nun schon erfolgreich seit 1985.</p>
